*m - 9635 = -5*q, 6*q - 3*q = -3. What is the tens digit of m?
2
Let r(v) = -20*v**2 + 2*v - 3. Let g(l) = 41*l**2 - 5*l + 7. Let f(a) = -2*g(a) - 5*r(a). What is the tens digit of f(-1)?
1
Suppose 21 = -5*j + u, 4*u - 3*u = -4. Let c = j + 9. Suppose 4 = -h, 3*w + c*h = -h + 76. What is the units digit of w?
2
Let x(a) = -a**2 - a. Let i be x(-5). What is the units digit of (3 + (-36)/15)/((-4)/i)?
3
Suppose -4*t - 4 = -4*i, i = -3*i + 5*t - 1. Let s be (0 - -3 - 6) + i. Suppose -s*k + 121 = 2*j, -162 = -4*k + j - 3*j. What is the tens digit of k?
4
Let v = 12 + -9. Suppose 3*b + 16 = v*g + 4*b, -4*g + 3*b = -4. Suppose -g*y = -y - 51. What is the tens digit of y?
1
Let n(c) = 14*c**2 + 6*c + 7. What is the tens digit of n(-2)?
5
Let o(i) = 22*i**2 - i - 2. Suppose p - 10*p = 18. What is the units digit of o(p)?
8
What is the units digit of 4645 + (-4 - (-5 + 14 + -6))?
8
Let u be 14/35*(0 + -30). Let a be 44 + -3*(-8)/u. Suppose 0 = 2*k - a - 28. What is the units digit of k?
5
Let d be ((-4)/16*-2)/(2/20). Suppose 0 = -4*v + d*u + 107, v - 5*u + 124 = 4*v. What is the tens digit of v?
3
Let a(c) = 585*c - 20. What is the hundreds digit of a(1)?
5
Let u(z) = -4*z - 1. Let v = 13 + -14. Let q be u(v). Suppose -19 = -q*h + 131. What is the units digit of h?
0
Let i = 13123 + -9059. What is the hundreds digit of i?
0
Let y(j) = 3*j**2 - 3*j + 678. What is the units digit of y(0)?
8
Suppose -7*m + 11*m - 220 = 0. What is the units digit of m?
5
Let t = 285 + 912. What is the units digit of t?
7
Suppose 882 = 19*j - 4191. What is the tens digit of j?
6
What is the hundreds digit of 1/(-2*(-4)/4992)?
6
Suppose 32*p - 34*p = -146. What is the units digit of p?
3
Let s = 565 + -372. Let r = -130 + s. Suppose -2*n = -2*d - r + 11, 0 = -2*d + 4. What is the tens digit of n?
2
Let z be (3 - 19)/4 - -191. Suppose 0 = -5*i - 2*f - 0*f - z, -i - 40 = 3*f. Let t = 79 + i. What is the units digit of t?
2
Suppose -19*g = -39*g + 24760. What is the hundreds digit of g?
2
Suppose 0 = -10*n - 2*n + 5232. Let d = -271 + n. What is the tens digit of d?
6
What is the hundreds digit of -4*3/20 - (-12114)/15?
8
Suppose 2*r - 6*s = -s + 2752, 3*r - 4109 = -2*s. What is the tens digit of r?
7
Let c be (-6)/((-9)/(36/(-8))) + 198. Let j = c + -16. What is the units digit of j?
9
Let x(f) = -2*f - 9. Let t be x(-7). Suppose 2*m + 24 = 2*n, 0 = -t*m - 0*m + 3*n - 70. What is the tens digit of m/(-1) - (3 + -4)?
1
Suppose 2*p - 11 = 3*a, p - 3 = -3*a + 4*a. What is the tens digit of 2 - 69/6*p?
2
Suppose -4*u + 13 = -x, 5*u - 14 = -4*x + 3*x. Let d be (u - 3/6)*-6. Let c = 19 + d. What is the units digit of c?
4
Suppose -2*g = 2, -5*l + g + 0*g = 9. Suppose 0*t - 2*t - 14 = 0. What is the units digit of l/t + (-954)/(-42)?
3
Let x = -149 + 81. Let n = -55 - x. What is the units digit of n?
3
Suppose -5*n + 14*q = 17*q - 311, -116 = -2*n - 4*q. What is the tens digit of n?
6
Suppose 0*y = -3*y - 12, -5*w = 4*y - 204. Suppose -j = -11 - w. Suppose 0 = 2*x - 3*c - 89, -x = -2*x + 5*c + j. What is the units digit of x?
0
What is the units digit of (-6)/4 - 0 - 8636/(-136)?
2
Suppose -7*v - 40 = -5*v. Let l = v + 20. Suppose s - 2 = l, 0*r - 5*s - 1 = -r. What is the units digit of r?
1
Let s(g) = -g**2 + 21*g - 22. Let f(d) = -d**2 + 21*d - 22. Let u(k) = -3*f(k) + 4*s(k). What is the tens digit of u(10)?
8
Suppose 7*c - 3*c = 0. Suppose -i - 4 = 0, -f + c*i - 4*i = -198. What is the tens digit of f?
1
Let l = -446 - -772. What is the hundreds digit of l?
3
Let k = -2 + 5. Suppose -2*n = -k*g + 36, 0 = -3*g + 2*g + 4*n + 12. What is the units digit of -1 - -6*40/g?
9
Let l(a) = a + 129. Let m be l(0). Let s = 212 - m. Suppose 0 = 2*k - 31 - s. What is the units digit of k?
7
Let c(u) = -u + 7*u + 4*u + 27 + u. Let s(l) = -5*l - 14. Let r(w) = -2*c(w) - 5*s(w). What is the units digit of r(5)?
1
Let c(d) = 44*d - 72. Let o(x) = -65*x + 108. Let n(u) = -7*c(u) - 5*o(u). What is the tens digit of n(14)?
0
Let a(d) = -d**2 + 19*d + 1. Let c be a(14). Suppose 0 = -3*k, 4*z + 5*k - 287 = -c. What is the tens digit of z - (3 + -18)/(-5)?
5
Let z be (-2)/((16/12)/(-2)). Suppose 6*l - 6 = z*l. Suppose l*k = 7 + 35. What is the tens digit of k?
2
Let z = -18 - -24. Let s be 123*(22/z + -4). Let h = 81 + s. What is the tens digit of h?
4
Let l(y) be the third derivative of -23*y**4/24 + 8*y**3/3 - y**2. What is the hundreds digit of l(-5)?
1
Suppose 5*j = -3*z + 903, 4*j + 357 = 3*z + 1101. What is the hundreds digit of j?
1
What is the tens digit of 22932/72 + 1/(-2)?
1
Let k(h) = -6*h + 2. Let t be k(1). What is the units digit of 135 - t/2 - 4?
3
Let a be 1/2*((-18)/(-3) - -2). Suppose a*r + 5 = 25, 4*o + 2*r = 566. What is the tens digit of o?
3
Let o = 13 - 6. Let g(h) = 3*h**2 - 13*h. What is the units digit of g(o)?
6
Let x(b) = -b - 17. Let l be x(-13). What is the units digit of (-3)/(((-4)/(-3))/l)?
9
Let p(m) = -4*m - 14. Let f be ((-45)/(-6))/(4/(-8)). Let r = 5 + f. What is the units digit of p(r)?
6
Let m(p) be the third derivative of p**4/24 - 5*p**2. Let l be m(-7). Let i = l + 21. What is the units digit of i?
4
Suppose 5*g - 4*v + 206 = 0, 0*g + g + v + 34 = 0. Let p = -73 + 14. Let i = g - p. What is the tens digit of i?
2
Let n = -2184 + 7510. What is the thousands digit of n?
5
Let n = -52 + 87. Let l = 23 + n. Suppose 10 = -3*y + 3*w + l, 4*w = -y + 31. What is the tens digit of y?
1
Let j(r) = 5*r**2 + 8*r - 96. What is the thousands digit of j(-24)?
2
Suppose 0 = -26*c + 29*c - 63. What is the units digit of c?
1
Let v = 15 - -477. Suppose 5*d - v = -d. What is the tens digit of d?
8
Suppose 17*m - 43 = 42. Suppose m*u = -n + 200, -2*n - u - 680 = -5*n. What is the hundreds digit of n?
2
Let h = -20 - -22. Let i be 6/(-3) - (h + -3). Let t = i - -42. What is the tens digit of t?
4
Suppose 5 = u - 5*k + 35, u + 4*k = -30. What is the tens digit of (20/u)/(1/(-27))?
1
Suppose 3*s = 5*d - 3273, -s = -5*d - 0*s + 3271. What is the tens digit of d?
5
Suppose 4*w + 472 = -184. Let n = w - -388. What is the units digit of n?
4
Suppose -2*z - 1810 = -q - 2*q, 1822 = 3*q + z. What is the hundreds digit of q?
6
Let m = -2443 - -4090. What is the tens digit of m?
4
Suppose 4 = -0*o + 2*o. Suppose -o*s + 125 = -147. What is the units digit of s?
6
Suppose c - 20 = -5*g, 0*c + 3*g = -c + 20. Let t = 169 - 122. Let s = t - c. What is the units digit of s?
7
What is the units digit of (3 + -1)/((-3)/(-492))?
8
Let h(x) = 2*x + 7. Let z = -34 + 32. Let i be h(z). What is the tens digit of -2 + -123*i/(-9)?
3
Suppose 0 = -2*k + y + 1401, k - y - 236 - 463 = 0. What is the hundreds digit of k?
7
Suppose -32*m = -23*m - 21267. What is the units digit of m?
3
Let t(z) = 30*z**2 + 2*z + 2. Let i(l) = -l - 9. Let r be i(-8). Let g be t(r). What is the units digit of (-4)/(-4)*1 + g?
1
Suppose 1227 + 713 = 4*b - 4*d, -b + 510 = 4*d. What is the hundreds digit of b?
4
Suppose f + 8 = 2*v, 0 = -4*v + 4*f + 24 - 8. Suppose -v*a + 7*a = 333. What is the tens digit of a?
1
Let t be 211/(-4) + 1/(-4). Let l be 1/(-4) + (1 - 939/(-12)). Let x = l + t. What is the units digit of x?
6
Let g = 1 + 2. Suppose -2*y + 15 = -3*v, g*v + 4*y = y - 15. What is the units digit of (-11)/(2 - (-2 - v))?
1
Suppose 2*v = 45 - 15. Let h be (v/(-10))/(3/(-4)). Suppose 3*c = -h*c + 100. What is the tens digit of c?
2
Let n = 54 - 32. Let u be (-4)/(-6)*(-429)/n. What is the units digit of u/(-2) - 6/(-12)?
7
Suppose 3*j + 4*v - 1503 = 0, -4*j - 5*v + 2005 = -0*j. What is the tens digit of j?
0
Suppose -2*y - 12 = -6*y. Suppose -q + 2*j = 2*q - 1, -9 = q - y*j. Suppose -g - 2*l + 106 = g, -q*l = 2*g - 107. What is the units digit of g?
2
Suppose 6 = -h + 24. Let o(s) be the third derivative of -s**4/24 + 4*s**3 - 213*s**2. What is the units digit of o(h)?
6
What is the tens digit of (-3)/((-6)/4)*(-25 + 52)?
5
Let g = 118 - -110. Suppose -5*h = -2*y + 144, 0 = -4*y - 6*h + h + g. What is the units digit of y?
2
Suppose -3*y + 6 + 15 = 0. Let n(i) = -i**2 + 10*i - 8. Let h be n(y). Let c = h - 12. What is the units digit of c?
1
Let g(f) = 40*f + 89. What is the units digit of g(9)?
9
Suppose -k + 9 = -2*k + 3*b, 3*k = 2*b + 8. Let h be ((-10)/2 + (-4 - -3))*-12. What is the units digit of ((-2)/(-6))/(k/h)